2 - 9 - (-49 + 44)) - -8.
8
Calculate (36 + -22 - 1) + (5 - 1).
17
What is 8 + -5 + 3 + 1 + 9 + -2?
14
Evaluate (0 - (-5 + -4) - 9) + -7 + 0.
-7
What is 25 - (-4 - -5) - (27 - 19)?
16
What is the value of 10 + (-13 - -11 - -3)?
11
0 - 13 - 0 - (-7 - (-18 + 15))
-9
What is the value of -12 - (-2 + 11 + (66 - 103))?
16
Calculate -3 + (1 - 6) - -12 - (-2 - 10).
16
What is the value of 3 - (21 - (10 + 8 + -12))?
-12
What is the value of (8 - 4 - 14) + 1 - -11?
2
What is the value of -15 + (-15 + (2 - -44) - 0)?
16
14 - (2 + -1) - (31 + -5 + -20)
7
Evaluate (-9 - -2 - -13) + 4 + -34.
-24
Calculate (-9 - (6 - 17)) + -13.
-11
What is the value of 13 + -14 + 27 + -22?
4
What is (5 - -1) + 0 + (-208 - -203) + -4?
-3
-29 + (2 + -5 - (-11 - -3))
-24
Evaluate 635 + -637 - (0 + -22).
20
What is (5 - 34) + 18 - -8?
-3
Calculate 1 - 1 - (-18 + (-17 - (9 + -55))).
-11
What is the value of (-9 - (-4 - -9)) + 9 + 2?
-3
Calculate -7 + 6 + -5 + 4.
-2
Calculate 1 + 3 - (-13 + -39 + 49).
7
Calculate -20 + 12 + 2 + 6 + (-1 - 7).
-8
What is the value of -13 + (-8 - -13) + -2 + (4 - 2)?
-8
Calculate -6 + 24 + -25 + 17.
10
What is 66 + -73 + 18 + (0 - 1 - 1)?
9
Calculate (-15 - 2) + (-2 - (-3 + 9) - -11).
-14
(-24 - -17) + (42 + -2 - 1) + -1
31
What is the value of -2 - -8 - (24 - 18) - 9?
-9
Calculate 5 + ((8 - 8) + -16 - -23).
12
What is -59 + 60 + (1 - 4) - (-4 + 8)?
-6
What is (2 - (7 + -4 - -3 - 11)) + -23?
-16
What is the value of (-48 - (-29 - 2)) + 35?
18
What is the value of (84 - 77) + -1 + -14?
-8
Calculate 9 + (10 - 26 - -3 - -3).
-1
What is the value of -1 + 9 - ((-6 - -2) + -1)?
13
Calculate 2 + 9 + (-6 - 17) + 18.
6
Evaluate 0 + (-10 - -10) + -3 + -12 + 2.
-13
Calculate 2 + 4 + -4 - (5 + 15 + -24).
6
What is 13 + -3 + (241 - 233)?
18
What is the value of 25 + (-11 - (-3 - 2) - -7) + 7?
33
What is the value of 5 + -11 + 13 - (-5 + 21)?
-9
Evaluate (8 - -1) + (332 - 329).
12
What is the value of 33 - 45 - (-39 + 2)?
25
What is the value of (5 - -5) + (21 - 31) - (2 + 6)?
-8
(-5 - 3) + (-10 - -10 - -13)
5
Evaluate -44 - (-5 - 31 - -15).
-23
Calculate 38 + (-27 - (-3 + -10)).
24
Evaluate -8 + 1 - (207 - 211).
-3
Calculate -10 + (-9 - -13 - 21 - -7).
-20
Evaluate 3 + -31 + (30 - 18).
-16
Calculate -10 - ((2 - -5) + 2 + -1).
-18
(-4 + 3 - 0) + -5 + -13 + 10
-9
Calculate -50 + 33 + 17 - ((-1 - 0) + 11).
-10
24 + -33 + -5 + 4 + 1 + 4
-5
13 + -6 - 1 - (0 - -6) - 1
-1
What is the value of -2 - (32 - 7 - 10)?
-17
Calculate -5 + (2 - -1) + (-2 - -17 - 2).
11
What is the value of -13 + 1 + 3 + 4 + -14 + 0?
-19
Calculate -7 + 26 + -32 + (-2 - -4).
-11
Evaluate -4 + 1 + (-2 - -2 - 3 - 0).
-6
What is the value of -1 - (-10 + -11 + 20)?
0
(-802 - -786) + (-1 + -1 - -18)
0
Calculate -12 - -11 - (-4 + -2).
5
Calculate 19 + 7 + -5 + (-2 - 1) + 8.
26
Calculate -31 + 15 - -18 - (-3 + -10).
15
9 + (1 - (10 - (4 + 4)))
8
Evaluate 28 + (33 - 61) + (-11 - 1).
-12
What is 16 + 14 + -23 + 10?
17
Evaluate -33 + 35 + -6 + -9.
-13
Calculate (-1 - (-32 - -36)) + 4.
-1
What is 0 - -12 - 5 - 6?
1
0 + -16 + 35 + -19
0
Calculate 9 + (6 + 1 - 18 - 2).
-4
What is (-27 - 2 - (-17 + 3)) + -14?
-29
What is the value of -9 - ((-10 - -8) + -2 + -13)?
8
Calculate (11 + 0 - (121 - 112)) + -9 - -40.
33
124 + -137 + 1 + (-1 - 0)
-13
What is -10 - -8 - ((0 - -3) + (-8 - -1))?
2
What is the value of 2 - 15 - (-199 - -199)?
-13
(18 - 7 - 26) + (-1 - 2 - -3)
-15
What is ((-15 - -5) + 4 - -10) + -9 + 1?
-4
Evaluate 8 - (5 - 4 - (-4 + -1)).
2
What is 17 + 1 + (33 + -5 - 7) + -19?
20
Calculate (-10 - -13) + 0 - -8.
11
What is 1 - (7 + 4 + -9 - 5)?
4
What is -22 + -16 + 2 + 11?
-25
What is the value of (-5 + 3 - -1) + (-7 - 1) + 3?
-6
3 - (5 + (2 - (9 - -9)))
14
Evaluate (41 - (14 + 51) - (-5 - 1)) + -12.
-30
What is the value of (2 - (-2 + 4 + -5)) + 4 + 1?
10
Evaluate (-8 + (-17 - -54) - -10) + -17.
22
Calculate (1 - -12) + -105 + 111 - -8.
27
What is the value of (131 - 117) + -35 + 3?
-18
What is -814 - -814 - (-7 + 9 - (-19 - -1))?
-20
What is the value of (6 - 23) + 18 + -1?
0
Evaluate -4484 - -4473 - (5 + 1 + -1).
-16
What is 23 + 0 - ((-14 - -17) + -4 - -6)?
18
What is (-3 - (6 + -7)) + 17 + -10 - 26?
-21
43 + (33 - 77) + 1 + -13
-13
-5 - -6 - 1 - 20
-20
Evaluate -3 - (-2 + 6) - -4 - 6.
-9
Calculate -42 + (-9 - (-15 + -19)).
-17
What is the value of -11 + -25 + 19 + 48?
31
Evaluate -3 + -2 + 5 + 7 - (-3 - -10).
0
Calculate -19 + 12 + 16 - -11 - (-1 + 1).
20
What is the value of -28 - -7 - (-4 - 9)?
-8
Calculate (2 - 1) + 3 + -45 + 50 + 7.
16
Evaluate (1 - -3) + (7 - (-3 - -14)).
0
What is 28 + (-14 - (23 - 23))?
14
-8 - ((-3 - -8 - 2) + 7 + -17)
-1
What is 2 + (2 + 2 - (3 - 5)) - 22?
-14
What is -26 - (4 + 1 + -35 + 19)?
-15
Evaluate (6 - ((0 - 1) + -1)) + 1 + 2.
11
(16 - 2) + (-14 - -9)
9
What is the value of -23 + 18 + (-14 - -17)?
-2
What is the value of -3 - (5 + -10) - (-13 - (18 + -29))?
4
What is the value of -5 + 3 + 1 - (-23 + 7)?
15
-27 + 15 + -13 + 11
-14
-16 + -3 - (5 + -21 + 5 + 4)
-12
What is 56 + -57 + 9 + 8?
16
What is the value of -12 + 3 + 13 + -12 + 11?
3
-1 + (5 - (0 + 2 - -8)) + 2
-4
(-1 + 4 - 6) + (3 - (5 + -1))
-4
What is the value of 8 + (-4 - (-3 + 0)) - (-2 - 7)?
16
Evaluate -3 + 0 - (-42 - -34) - -6.
11
What is the value of (-16 - (-2 - 13 - 5)) + 9 + 1?
14
What is -7 + -3 + 20 - 0?
10
7 + (-2 - 10) + -8
-13
Calculate 365 + -369 + (-2 - 9).
-15
What is 17 - (-12 - (-40 - -22)) - (-5 + 1)?
15
What is the value of 2 + -25 - (-13 + (14 - 1 - -10))?
-33
Evaluate 43 + (-26 - (9 - 12)).
20
(7 - 1) + -38 + 2 + 10 + 10
-10
0 + 10 - ((-24 - -20) + (0 - 2))
16
Calculate 9 - (-1 - 14 - (-163 + 157)).
18
-6 - (9 + (-17 - -9 - -2 - 6))
-3
What is the value of 131 + -118 - (2 + (-1 - -7) - 0)?
5
What is the value of 0 + -11 + 0 - (245 + -249)?
-7
Calculate (-5 - 0 - (-7 - (8 - 18))) + 20.
12
What is the value of 18 + 0 + -1 + -23?
-6
Calculate 0 + (-7 - -7 - -7 - 10) + 2.
-1
Calculate 22 - (-14 - -7) - (-7 + 14).
22
What is the value of 28 + (-9 - 3) + -31?
-15
What is the value of 72 + -63 - (1 + 10 - (-5 + 4))?
-3
What is (18 - 9) + -17 + 3?
-5
Calculate (-2 + 0 - (0 - 2)) + 13 + -21.
-8
Evaluate 32 + -40 + 29 + -7.
14
(-13 - 31) + 21 + 34
11
Evaluate -18 + 24 + -13 + 6.
-1
-3 - (1 + -4) - (113 + -111)
-2
Calculate (313 - 317) + (1 + 1 - -1).
-1
Calculate (18 - -2 - 12) + -11.
-3
(-20 - (3 + -13)) + -1 + -9 - 8
-28
Evaluate 1935 + -1920 + (-1 - 0).
14
What is the value of -3 + (-1 - (-23 - -1))?
18
-1 - (-5 + 12 + 1) - 0
-9
What is the value of (-395 - -382) + (2 - (-2 + 1 + -3))?
-7
What is the value of 1 - -1 - (11 - 10 - (0 - 6))?
-5
What is the value of -5 - (-3 + 4 - (3 + 1 - -1))?
-1
What is the value of (-5 - -5) + (3 - (-10 - -25))?
-12
What is 12 + (10 - 23 - -11 - 1)?
9
Evaluate 9 + 13 - 15 - (-3 + 36 + 3).
-29
14 + (5 - (9 + -5 + -2))
17
10 + 2 + 5 + -9 - -9
17
Calculate 22 - (3 - (8 + -17 - -16)).
26
Calculate -1 + -16 - (-1 + 6 + -3 + -9).
-10
What is the value of (-4 - -27 - 17) + 17?
23
Evaluate 12 - (8 + 4 - (-9 - (3 - 7))).
-5
What is -10 + 0 + 1 + -4 + 6?
-7
Calculate 11 + (14 - 15) - 4.
6
What is (13 - 10) + -5 - (2 + -5)?
1
Calculate -3 - (21 + -21 + (7 + 0 - 3)).
-7
Evaluate 1 - 10 - 30 - -64.
25
What is -14 + 24 + -9 + -3 + 10?
8
Calculate 11 - (-5 - (-16 + 4) - (-13 - -29)).
20
-159 + 173 + (-4 - ((-3 - 1) + 3))
11
(8 + 10 - 20) + 19
17
Evaluate -11 - (-16 + 3 + (0 - 18)).
20
4 + -1 - (15 + 21 + -5) - -2
-26
What is -147 + 144 + (0 + -1 - (-4 + 2))?
-2
What is the value of -13 - 2 - (-8 + 4) - (226 + -273)?
36
Calculate -13 + (-7 - -12) + 3 + 0 + -4.
-9
What is 0 + -5 - (-4 + (6 - (-6 - -23)))?
10
What is the value of -1 + 13 + 1 + -9?
4
Evaluate (-40 - 4) + (285 - 203).
38
What is the value of (-5 - 6) + (-3 - 1) + 1 + 14?
0
Calculate 18 - -1 - (90 + -79).
8
Calculate 7 - ((11 - -16) + -14 + -29).
23
Evaluate (-10 - -27) + -37 + -3.
-23
What is the value of 15 - 2 - (-20 + 39)?
-6
Calculate 23 + 1 - (-749 - -770).
3
What is the value of -18 + (17 + 12 - 10)?
1
Calculate (-23 - -1) + 12 + (-11 - -6 - 11).
-26
What is the value of -23 - (-2 - 5 - 5 - -12)?
-23
Calculate 10 - 1 - (21 - (-45 - -76)).
19
Calculate 56 + -52 + (5 - 2 - -10).
17
Evaluate (10 - (29 + -17)) + (0 - -1).
-1
What is -2 + -6 + (-3 - 2 - -4) + -4?
-13
Evaluate 4 + 0 + -37 + 28.
-5
What is